 - 57. List the prime factors of f(u).
47
Suppose 6*n - 645 = -o + 5*n, 4*o = 4*n + 2556. List the prime factors of o.
2, 3, 107
Let f(r) = -r**2 + 12*r - 25. Let z be f(9). Suppose -188 = -4*p + z*c, 4*p + 4*c - 114 = 2*p. List the prime factors of p.
7
Suppose -7 = -h - 1. Suppose -7*v = -9*v + h. Suppose v*w + 3*s - 21 = 0, 5*w + 0*s = s + 65. What are the prime factors of w?
2, 3
Suppose 833 = p - 5*o, -3407 = 3*p - 7*p + 5*o. Suppose -m = 5*m - p. What are the prime factors of m?
11, 13
Suppose 2*w - 2*k - 1850 = 0, -w - 5*k - 3699 = -5*w. List the prime factors of w.
2, 463
Let u(k) be the second derivative of k**4/12 + 5*k**3/3 + 4*k**2 - 17*k. List the prime factors of u(-10).
2
Let h(w) = -w**2 - 5*w - 1. Let f be h(-3). Suppose 2*j - 188 = -2*j. Suppose f*x + 7 = j. What are the prime factors of x?
2
Suppose -6*b - 2*w - 7 = -3*b, 0 = -4*b - 5*w. Suppose 4*p + 84 + 24 = 0. List the prime factors of 0 + -4 - b - p.
2, 7
Let l(z) = z**2 + 84*z + 107. List the prime factors of l(-86).
3, 31
Suppose -3882 = 75*n - 78*n. What are the prime factors of n?
2, 647
Let p(d) = d**3 - 4*d**2 - 2*d - 9. Let j(t) = -5*t**3 + 21*t**2 + 10*t + 45. Let l(n) = 2*j(n) + 11*p(n). List the prime factors of l(4).
3, 5
Let m = 3048 - 1956. What are the prime factors of m?
2, 3, 7, 13
Let s = 46 - 38. Suppose -217 = s*z - 1361. List the prime factors of z.
11, 13
Let a(h) = -26*h + 331. List the prime factors of a(-45).
19, 79
What are the prime factors of 2 - (-5 - 0 - 254)?
3, 29
What are the prime factors of (-402 + 4)*2/(1 - 3)?
2, 199
Let p(g) = -g**2 - 3*g + 16. Let m be p(-5). Suppose r - m*r = -480. List the prime factors of r.
2, 3
Let w(z) = 280*z - 68. List the prime factors of w(5).
2, 3, 37
Let b(x) = x**3 - 9*x**2 + 3*x - 8. Suppose 0 = 5*s - 2*s. Suppose s = i - 9. List the prime factors of b(i).
19
Let x = -427 - -469. List the prime factors of x.
2, 3, 7
Let w(r) = r**2 - 3*r - 7. Let x be w(5). Suppose 0 = -u - 3*y + 31 + 92, -x = 3*y. What are the prime factors of u?
2, 3, 7
Let h(t) = 23*t**2 + 4. Suppose 16 = 28*s - 36*s. What are the prime factors of h(s)?
2, 3
Suppose 0 = -34*q + 33*q + 1509. What are the prime factors of q?
3, 503
Suppose -55 = 5*i + 25. Let b(a) = -a**2 - 15*a + 19. Let w be b(i). Suppose 2*x + w*y - 27 + 2 = 0, 3*x - 2*y = 5. What are the prime factors of x?
5
Let z(p) = 7*p**2 - 2*p - 14. Let y(r) = -3*r**2 + r + 7. Let x(c) = -5*y(c) - 2*z(c). Suppose -q - 3*a = 13 + 4, a + 24 = -4*q. List the prime factors of x(q).
23
Let g = 845 - 473. What are the prime factors of g?
2, 3, 31
List the prime factors of (333/36)/(2/8*1).
37
Let o = -3 + 10. Suppose -3*x + o + 20 = 0. List the prime factors of (15/(-4))/(x/(-48)).
2, 5
Suppose -2714*w - 9624 = -2720*w. List the prime factors of w.
2, 401
Let f = -10 + 19. Let t be (f/6)/((-3)/(-6)). Suppose t*z - 10 = 2*z. What are the prime factors of z?
2, 5
Let o be 0/(-4 - (-5 + -2 + 4)). Suppose o = -3*y + 2*l + 25 + 25, 4*l = 4*y - 68. What are the prime factors of y?
2
Let w = -15 + 359. List the prime factors of w.
2, 43
Suppose 0 = 3*o - 6*o - 12. Let y be (-2)/o*88/4. What are the prime factors of (-4)/2*y/(-2)?
11
Let q = -42 - -41. List the prime factors of ((-408)/(-85))/(q/(-10)).
2, 3
Let h(v) = v + 923. List the prime factors of h(-10).
11, 83
Let q(o) = -o**2 - 10*o + 3. Let j be q(-10). Let m = j + -3. Suppose m = 2*c - c - 5. List the prime factors of c.
5
Let a(b) = 83*b - 131. List the prime factors of a(6).
367
Suppose -17*i + 1092 = -5*i. List the prime factors of i.
7, 13
Suppose 1587 = 3*q - 4*h, -2*h - 537 = -q + 2*h. What are the prime factors of q?
3, 5, 7
Suppose 44 - 56 = -3*q. Suppose 0*m + 5*m + 186 = 3*o, q*o - 234 = 2*m. What are the prime factors of o?
3, 19
Suppose 3*b = -2*s + 4749, 2*b - s + 4746 = 5*b. Suppose -14*a + b = -1289. List the prime factors of a.
5, 41
Let y(o) = 6*o + 11. Let d be y(-6). Let a = -41 - d. Let n = a - -19. List the prime factors of n.
3
Let o(m) = -156*m**3 + 3*m + 2. Let v be o(-1). Suppose 3*k - 6 = -0*k. Suppose -i = k*i - 4*l - 76, v = 5*i - l. What are the prime factors of i?
2
Let p = -223 - -514. What are the prime factors of p?
3, 97
Suppose -4*f - 1693 = -5013. What are the prime factors of f?
2, 5, 83
Let t(i) be the second derivative of 22*i**3/3 - i**2/2 + 17*i. What are the prime factors of t(4)?
5, 7
Let q(o) = 6*o**3 - o**2 - 4*o + 5. What are the prime factors of q(3)?
2, 73
What are the prime factors of 38 + -31 + (2411 - -1)?
41, 59
Let s = -46 + 63. Let u = 41 - s. List the prime factors of u.
2, 3
Let p be 7/(-28) - 6/8. What are the prime factors of (1 + -1 + (-2 - 19))*p?
3, 7
Let p = -16 - -5. Let m = 20 + p. List the prime factors of m.
3
Let t = 446 - 296. List the prime factors of t.
2, 3, 5
Suppose -c = -2*c + 2. Suppose 0 = c*m + 3*d - 169, 3*m - m - d - 157 = 0. Suppose -r = -6*r + m. List the prime factors of r.
2
Suppose j = 9*j - 9864. What are the prime factors of j?
3, 137
Let b(q) be the first derivative of 3*q**2 - 7*q + 8. List the prime factors of b(5).
23
Let u = 422 - 91. List the prime factors of u.
331
Let w be 32/3*42/4. Suppose -4*t = -3*x + 167, x + w = 3*x - 2*t. What are the prime factors of x?
3, 19
Suppose 0 = k + 4 - 0. What are the prime factors of (k/(-6))/(8/348)?
29
Let x be ((-9)/27)/((-1)/6). Suppose -190 = 5*q + 5*o, -2*q - 112 = q + x*o. Let b = q - -55. List the prime factors of b.
19
Suppose 3 = -i + 5. Suppose -g = -b + 4, i*b + 2*g = -0*g. Suppose b*a - 16 = 46. List the prime factors of a.
31
Let y(x) = x - 5. Let l be y(4). Let q(g) = -11*g - 1. Let s be q(l). Let r(a) = -a**2 + 12*a + 11. What are the prime factors of r(s)?
31
Let a = 723 - -452. What are the prime factors of a?
5, 47
Suppose 0 = 28*t - 34*t + 54. Let m(i) = -i + 7. Let p be m(3). Suppose p*c = t*c - 75. What are the prime factors of c?
3, 5
Suppose -5*x + 5*q + 320 = 0, -6*x - q = -9*x + 200. Let t = -1 - -5. Suppose x = t*v - 68. What are the prime factors of v?
2, 17
Suppose 4*x - 2*q - 8990 = 0, -115*q + 8992 = 4*x - 119*q. List the prime factors of x.
3, 7, 107
Let u(v) = -v**3 - 3*v**2 - 13*v - 12. Let i be u(-9). Suppose 4*p - k + 222 = i, 3*k + 470 = 5*p. List the prime factors of p.
7, 13
Suppose j = -j + 2, -4*f - 5*j + 1 = 0. Let p = 99 - f. What are the prime factors of p?
2, 5
Let y(q) = -q**3 - 17*q**2 + 10*q - 4. What are the prime factors of y(-19)?
2, 3, 11
Suppose -2*j + 68 = -4*h - 102, 3*j + h - 248 = 0. Suppose -w + j = 5*z - 77, 0 = z - 3*w - 16. List the prime factors of z.
31
Suppose -8*s - 5720 = -44872. List the prime factors of s.
2, 2447
What are the prime factors of (-17600)/(-48)*(-132)/(-8)?
2, 5, 11
Let j(d) = -d**2 + 15*d + 3. Let k be j(15). Suppose -3*u = 5*m - 107, 0 = 3*u - k*m + 4*m - 103. List the prime factors of u.
2, 17
Suppose -4*c + 2*z = c - 1705, 5*z + 25 = 0. List the prime factors of c.
3, 113
Suppose k = 9 + 5. Suppose 5*x + 2*d = 18, -d - k = 3*x - 6*d. Suppose 2*p = x*a - 36, 5*a - p - 74 = -4*p. What are the prime factors of a?
2
Let g be ((-22)/(-3) - (-26)/39)/2. What are the prime factors of 5 + (g + 133)*2?
3, 31
Let t = 3302 - 2313. List the prime factors of t.
23, 43
Let j(v) = 19*v**2 - 19*v - 50. List the prime factors of j(-7).
2, 3, 13
What are the prime factors of -6 - (-1140 + -8) - -1?
3, 127
Let w(z) = -3*z. Let g be (-8)/28 - 16/(-7). Let l(t) = t**2 - 8*t. Let s(q) = g*l(q) - 7*w(q). What are the prime factors of s(-6)?
2, 3, 7
Let f(j) = j + 7. Let o be f(-8). List the prime factors of (-1)/(3/48*o/7).
2, 7
Let y = -141 + 144. Suppose -246 = -5*m - y*q, -2*q + 72 + 24 = 2*m. List the prime factors of m.
3, 17
Let t(c) be the first derivative of -5/2*c**4 - 2 + 1/2*c**2 + c - 4/3*c**3. List the prime factors of t(-2).
3, 7
Let o(c) = -c - 23. Suppose -2*g - 33 = -11. Let n be o(g). What are the prime factors of (-4)/24 - 110/n?
3
Let o(k) = -6*k + 6. Suppose 3*h - 12 = -4*z, 0 = -0*z - 4*z + h - 4. Let m be z + (0 - -2) + -6. What are the prime factors of o(m)?
2, 3, 5
Let y be (-8 + 4 - -7) + 0. Suppose 0 = 5*p + 2*q - 210, 4*p - y*q + 0*q = 145. What are the prime factors of p?
2, 5
Let r be 5*((-8)/(-15) - (-2)/(-6)). Let z = r + 143. List the prime factors of z.
2, 3
Suppose -7 = -3*k + 2. Suppose -4*o = -k*i